{"id":106,"date":"2018-11-11T19:59:43","date_gmt":"2018-11-11T18:59:43","guid":{"rendered":"http:\/\/test.mg-bechterdissen.de\/?page_id=106"},"modified":"2026-04-18T11:51:57","modified_gmt":"2026-04-18T09:51:57","slug":"hauptseite","status":"publish","type":"page","link":"https:\/\/mg-bechterdissen.de\/","title":{"rendered":"Willkommen"},"content":{"rendered":"\n<h2 class=\"wp-block-heading\">Sch\u00f6n, dass du hier bist!<\/h2>\n\n\n\n<p>Wir freuen uns \u00fcber dein Interesse an unserer Gemeinde. Wir laden dich herzlich dazu ein an einer unserer Veranstaltungen teilzunehmen und uns kennenzulernen. <br>Wenn du mehr wissen willst, wer wir sind und was wir alles anbieten, dann findest du oben im Men\u00fc weitere Informationen.<\/p>\n\n\n\n<p>Besuche uns gerne <strong>sonntags in unserem Gottesdienst um 10 Uhr<\/strong>. Zus\u00e4tzlich werden unsere Gottesdienste auf YouTube \u00fcbertragen. Klicke doch einfach den Link und sei dabei!<\/p>\n\n\n\n<p><a href=\"https:\/\/www.youtube.com\/channel\/UCG1-UOZLSCR4DcoO4l2NqFA\">Zum Live Stream<\/a><\/p>\n\n\n\n<hr class=\"wp-block-separator has-css-opacity is-style-wide\"\/>\n\n\n\n<div class=\"wp-block-columns has-2-columns is-layout-flex wp-container-core-columns-is-layout-9d6595d7 wp-block-columns-is-layout-flex\">\n<div class=\"wp-block-column is-layout-flow wp-block-column-is-layout-flow\">\n<h4 class=\"wp-block-heading\">N\u00e4chste Veranstaltungen<\/h4>\n\n\n\n<p>Hier findest du unsere regelm\u00e4\u00dfigen Veranstaltungen im \u00dcberblick. Die aktuellsten Veranstaltungen findest du in der Liste daneben.<\/p>\n\n\n\n<p><strong>Sonntag<\/strong><br>Gottesdienst 10:00 Uhr<br>Bibelentdecker 10:00 Uhr <br><br><strong>Montag<\/strong><br>Jungschar 18:00 Uhr<\/p>\n\n\n\n<p><strong>Mittwoch<br><\/strong>Krabbeltreff 09:30 Uhr<\/p>\n\n\n\n<p><strong>Donnerstag<\/strong><br>Bibelstunde 10:00 Uhr<br>Bibelstunde 19:00 Uhr<br><br><strong>Freitag<\/strong> <br>Jugend 19:30 Uhr<\/p>\n\n\n\n<p><br><\/p>\n<\/div>\n\n\n\n<div class=\"wp-block-column is-layout-flow wp-block-column-is-layout-flow\">\n<iframe loading=\"lazy\" src=\"https:\/\/mgb.church.tools\/?q=churchcal&amp;embedded=true&amp;category_id=2,58,60&amp;title=Kalender&amp;minical=true&amp;viewname=eventView&amp;entries=10\" width=\"273\" height=\"400\" frameborder=\"0\"><\/iframe>\n<\/div>\n<\/div>\n\n\n\n<hr class=\"wp-block-separator has-css-opacity is-style-wide\"\/>\n\n\n\n<style>\n    .cardwrapper * {\n        margin: 0;\n        padding: 0;\n        -webkit-box-sizing: border-box;\n        box-sizing: border-box;\n    }\n\n    .parallaxH1 {\n        font-size: 2.5rem;\n        font-family: 'Montserrat';\n        font-weight: normal;\n        color: #444;\n        text-align: center;\n        margin: 2rem 0;\n    }\n\n    .cardwrapper {\n        width: 90%;\n        margin: 0 auto;\n        max-width: 80rem;\n    }\n\n    .cardcols {\n        display: -webkit-box;\n        display: -ms-flexbox;\n        display: flex;\n        -ms-flex-wrap: wrap;\n        flex-wrap: wrap;\n        -webkit-box-pack: center;\n        -ms-flex-pack: center;\n        justify-content: center;\n    }\n\n    .cardcol {\n        width: calc(49% - 2rem);\n        margin: 1rem;\n        cursor: pointer;\n    }\n\n    .cardcontainer {\n        -webkit-transform-style: preserve-3d;\n        transform-style: preserve-3d;\n        -webkit-perspective: 1000px;\n        perspective: 1000px;\n    }\n\n    .cardfront,\n    .cardback {\n        background-size: cover;\n        background-position: center;\n        -webkit-transition: -webkit-transform .7s cubic-bezier(0.4, 0.2, 0.2, 1);\n        transition: -webkit-transform .7s cubic-bezier(0.4, 0.2, 0.2, 1);\n        -o-transition: transform .7s cubic-bezier(0.4, 0.2, 0.2, 1);\n        transition: transform .7s cubic-bezier(0.4, 0.2, 0.2, 1);\n        transition: transform .7s cubic-bezier(0.4, 0.2, 0.2, 1), -webkit-transform .7s cubic-bezier(0.4, 0.2, 0.2, 1);\n        -webkit-backface-visibility: hidden;\n        backface-visibility: hidden;\n        text-align: center;\n        min-height: 280px;\n        height: auto;\n        border-radius: 10px;\n        color: #fff;\n        font-size: 1.3rem;\n    }\n\n    .cardback {\n        background: #cedce7;\n        background: -webkit-linear-gradient(45deg, #cedce7 0%, #596a72 100%);\n        background: -o-linear-gradient(45deg, #cedce7 0%, #596a72 100%);\n        background: linear-gradient(45deg, #cedce7 0%, #596a72 100%);\n    }\n\n    .cardfront:after {\n        position: absolute;\n        top: 0;\n        left: 0;\n        z-index: 1;\n        width: 100%;\n        height: 100%;\n        content: '';\n        display: block;\n        opacity: .25;\n        background-color:black;\n        -webkit-backface-visibility: hidden;\n        backface-visibility: hidden;\n        border-radius: 10px;\n    }\n\n    .cardcontainer:hover .cardfront,\n    .cardcontainer:hover .cardback {\n        -webkit-transition: -webkit-transform .7s cubic-bezier(0.4, 0.2, 0.2, 1);\n        transition: -webkit-transform .7s cubic-bezier(0.4, 0.2, 0.2, 1);\n        -o-transition: transform .7s cubic-bezier(0.4, 0.2, 0.2, 1);\n        transition: transform .7s cubic-bezier(0.4, 0.2, 0.2, 1);\n        transition: transform .7s cubic-bezier(0.4, 0.2, 0.2, 1), -webkit-transform .7s cubic-bezier(0.4, 0.2, 0.2, 1);\n    }\n\n    .cardback {\n        position: absolute;\n        top: 0;\n        left: 0;\n        width: 100%;\n    }\n\n    .cardinner {\n        -webkit-transform: translateY(-50%) translateZ(60px) scale(0.94);\n        transform: translateY(-50%) translateZ(60px) scale(0.94);\n        top: 50%;\n        position: absolute;\n        left: 0;\n        width: 100%;\n        padding: 2rem;\n        -webkit-box-sizing: border-box;\n        box-sizing: border-box;\n        outline: 1px solid transparent;\n        -webkit-perspective: inherit;\n        perspective: inherit;\n        z-index: 2;\n    }\n\n.cardinner a{\n color:black;\nfont-weight: bold;\n    }\n\n    .cardcontainer .cardback {\n        -webkit-transform: rotateY(180deg);\n        transform: rotateY(180deg);\n        -webkit-transform-style: preserve-3d;\n        transform-style: preserve-3d;\n    }\n\n    .cardcontainer .cardfront {\n        -webkit-transform: rotateY(0deg);\n        transform: rotateY(0deg);\n        -webkit-transform-style: preserve-3d;\n        transform-style: preserve-3d;\n    }\n\n    .cardcontainer:hover .cardback {\n        -webkit-transform: rotateY(0deg);\n        transform: rotateY(0deg);\n        -webkit-transform-style: preserve-3d;\n        transform-style: preserve-3d;\n    }\n\n    .cardcontainer:hover .cardfront {\n        -webkit-transform: rotateY(-180deg);\n        transform: rotateY(-180deg);\n        -webkit-transform-style: preserve-3d;\n        transform-style: preserve-3d;\n    }\n\n    .cardfront .cardinner p {\n        font-size: 1.5rem;\n        margin-bottom: 1.5rem;\n        position: relative;\n    }\n\n    .cardfront .cardinner  {\n       top: 70%;\n    }\n\n    .cardfront .cardinner p:after {\n        content: '';\n        width: 4rem;\n        height: 2px;\n        position: absolute;\n        background: #C6D4DF;\n        display: block;\n        left: 0;\n        right: 0;\n        margin: 0 auto;\n        bottom: -.75rem;\n    }\n\n    .cardfront .cardinner span {\n        color: rgba(255, 255, 255, 0.7);\n        font-family: 'Montserrat';\n        font-weight: 250;\n        font-size: 1.12rem;\n    }\n\n    @media screen and (max-width: 48rem) {\n        .cardcol {\n            width: calc(50% - 2rem);\n        }\n    }\n\n    @media screen and (max-width: 32rem) {\n        .cardcol {\n            width: 100%;\n            margin: 0 0 2rem 0;\n        }\n    }\n\n.PersonInfoButton {\n\t-moz-box-shadow:inset 0px 1px 0px 0px #ffffff;\n\t-webkit-box-shadow:inset 0px 1px 0px 0px #ffffff;\n\tbox-shadow:inset 0px 1px 0px 0px #ffffff;\n\tbackground:-webkit-gradient(linear, left top, left bottom, color-stop(0.05, #f9f9f9), color-stop(1, #e9e9e9));\n\tbackground:-moz-linear-gradient(top, #f9f9f9 5%, #e9e9e9 100%);\n\tbackground:-webkit-linear-gradient(top, #f9f9f9 5%, #e9e9e9 100%);\n\tbackground:-o-linear-gradient(top, #f9f9f9 5%, #e9e9e9 100%);\n\tbackground:-ms-linear-gradient(top, #f9f9f9 5%, #e9e9e9 100%);\n\tbackground:linear-gradient(to bottom, #f9f9f9 5%, #e9e9e9 100%);\n\tfilter:progid:DXImageTransform.Microsoft.gradient(startColorstr='#f9f9f9', endColorstr='#e9e9e9',GradientType=0);\n\tbackground-color:#f9f9f9;\n\t-moz-border-radius:6px;\n\t-webkit-border-radius:6px;\n\tborder-radius:6px;\n\tborder:1px solid #dcdcdc;\n\tdisplay:inline-block;\n\tcursor:pointer;\n\tcolor:#666666;\n\tfont-family:Arial;\n\tfont-size:17px;\n\tfont-weight:bold;\n\tpadding:6px 24px;\n\ttext-decoration:none;\n\ttext-shadow:0px 1px 0px #ffffff;\n}\n.PersonInfoButton:hover {\n\tbackground:-webkit-gradient(linear, left top, left bottom, color-stop(0.05, #e9e9e9), color-stop(1, #f9f9f9));\n\tbackground:-moz-linear-gradient(top, #e9e9e9 5%, #f9f9f9 100%);\n\tbackground:-webkit-linear-gradient(top, #e9e9e9 5%, #f9f9f9 100%);\n\tbackground:-o-linear-gradient(top, #e9e9e9 5%, #f9f9f9 100%);\n\tbackground:-ms-linear-gradient(top, #e9e9e9 5%, #f9f9f9 100%);\n\tbackground:linear-gradient(to bottom, #e9e9e9 5%, #f9f9f9 100%);\n\tfilter:progid:DXImageTransform.Microsoft.gradient(startColorstr='#e9e9e9', endColorstr='#f9f9f9',GradientType=0);\n\tbackground-color:#e9e9e9;\n}\n.PersonInfoButton:active {\n\tposition:relative;\n\ttop:1px;\n}\n<\/style>\n\n<div class=\"cardwrapper\">\n    <h1 class=\"parallaxH1\">Unsere Leiter<\/h1>\n    <div class=\"cardcols\">\n\n        <!---CARD-->\n        <div class=\"cardcol\" ontouchstart=\"this.classList.toggle('hover');\">\n            <div class=\"cardcontainer\">\n                <div class=\"cardfront\" style=\"background-image: url(https:\/\/mg-bechterdissen.de\/wp-content\/uploads\/2019\/03\/Uwe.png\">\n                    <div class=\"cardinner\">\n                        <p>Uwe Neufeld<\/p>\n                        <span>Gemeindeleiter<\/span>\n                    <\/div>\n                <\/div>\n                <div class=\"cardback\">\n                    <div class=\"cardinner\">\n             <p>&#8222;Die Gemeinde ist eine Oase des Friedens und Hoffnung durch Christus!&#8220;<\/p>\n<br>\n<a href=\"https:\/\/mg-bechterdissen.de\/?page_id=1022\" class=\"PersonInfoButton\">Mehr zu Uwe Neufeld<\/a>\n<br><br>\n<a href=\"mailto:Uwe.Neufeld@mg-bechterdissen.de\">Uwe.Neufeld@mg-bechterdissen.de<\/a>\n                    <\/div>\n                <\/div>\n            <\/div>\n        <\/div>\n        <!---END CARD-->\n\n         <!---CARD-->\n         <div class=\"cardcol\" ontouchstart=\"this.classList.toggle('hover');\">\n            <div class=\"cardcontainer\">\n                <div class=\"cardfront\" style=\"background-image: url(https:\/\/mg-bechterdissen.de\/wp-content\/uploads\/2019\/03\/Andreas.png)\">\n                    <div class=\"cardinner\">\n                        <p>Andreas Bartusch<\/p>\n                        <span>Gemeindeleiter<\/span>\n                    <\/div>\n                <\/div>\n                <div class=\"cardback\">\n                    <div class=\"cardinner\">\n                        <p>&#8222;Jesus ver\u00e4ndert unser Leben!&#8220;<\/p>\n<br>\n<a href=\"https:\/\/mg-bechterdissen.de\/?page_id=1016\" class=\"PersonInfoButton\">Mehr zu Andreas Bartusch<\/a>\n<br><br>\n\n<a href=\"mailto:Andreas.Bartusch@mg-bechterdissen.de\">Andreas.Bartusch@mg-bechterdissen.de<\/a>\n                    <\/div>\n                <\/div>\n            <\/div>\n        <\/div>\n        <!---END CARD-->\n\n        <!---CARD-->\n        <div class=\"cardcol\" ontouchstart=\"this.classList.toggle('hover');\">\n            <div class=\"cardcontainer\">\n                <div class=\"cardfront\" style=\"background-image: url(https:\/\/mg-bechterdissen.de\/wp-content\/uploads\/2025\/02\/MGB-10-1.jpg)\">\n                    <div class=\"cardinner\">\n                        <p>Yannick Kehler<\/p>\n                        <span>Kinder- und Jugendreferent<\/span>\n                    <\/div>\n                <\/div>\n                <div class=\"cardback\">\n                    <div class=\"cardinner\">\n                        <p>&#8222;Ich m\u00f6chte den Jugendlichen das weiter geben, was ich von Jesus bekommen habe!&#8220;<\/p>\n<br>\n<a href=\"https:\/\/mg-bechterdissen.de\/?page_id=1026\" class=\"PersonInfoButton\">Mehr zu Yannick Kehler<\/a>\n<br><br>\n\n<a href=\"mailto:Yannick.Kehler@mg-bechterdissen.de\">Yannick.Kehler@mg-bechterdissen.de<\/a>\n                    <\/div>\n                <\/div>\n            <\/div>\n        <\/div>\n        <!---END CARD-->\n\n<!---CARD-->\n        <div class=\"cardcol\" ontouchstart=\"this.classList.toggle('hover');\">\n            <div class=\"cardcontainer\">\n                <div class=\"cardfront\" style=\"background-image: url(https:\/\/mg-bechterdissen.de\/wp-content\/uploads\/2025\/02\/MGB-5-1.jpg)\">\n                    <div class=\"cardinner\">\n                        <p>Udo Fast<\/p>\n                        <span>Gemeinschaftspastor<\/span>\n                    <\/div>\n                <\/div>\n                <div class=\"cardback\">\n                    <div class=\"cardinner\">\n                    <p>&#8222;Gemeinschaft liegt mir am Herzen&#8220;<\/p>\n<br>\n<a href=\"https:\/\/mg-bechterdissen.de\/?page_id=3134\" class=\"PersonInfoButton\">Mehr zu Udo Fast<\/a>\n<br><br>\n\n<a href=\"mailto:Udo.Fast@mg-bechterdissen.de\">Udo.Fast@mg-bechterdissen.de<\/a>\n                    <\/div>\n                <\/div>\n            <\/div>\n        <\/div>\n        <!---END CARD-->\n\n    <\/div>\n<\/div>\n\n\n\n<p><\/p>\n","protected":false},"excerpt":{"rendered":"<p>Sch\u00f6n, dass du hier bist! Wir freuen uns \u00fcber dein Interesse an unserer Gemeinde. Wir laden dich herzlich dazu ein an einer unserer Veranstaltungen teilzunehmen und uns kennenzulernen. Wenn du&hellip; <\/p>\n","protected":false},"author":2,"featured_media":0,"parent":0,"menu_order":0,"comment_status":"closed","ping_status":"closed","template":"","meta":{"footnotes":""},"class_list":["post-106","page","type-page","status-publish","hentry"],"_links":{"self":[{"href":"https:\/\/mg-bechterdissen.de\/index.php?rest_route=\/wp\/v2\/pages\/106","targetHints":{"allow":["GET"]}}],"collection":[{"href":"https:\/\/mg-bechterdissen.de\/index.php?rest_route=\/wp\/v2\/pages"}],"about":[{"href":"https:\/\/mg-bechterdissen.de\/index.php?rest_route=\/wp\/v2\/types\/page"}],"author":[{"embeddable":true,"href":"https:\/\/mg-bechterdissen.de\/index.php?rest_route=\/wp\/v2\/users\/2"}],"replies":[{"embeddable":true,"href":"https:\/\/mg-bechterdissen.de\/index.php?rest_route=%2Fwp%2Fv2%2Fcomments&post=106"}],"version-history":[{"count":269,"href":"https:\/\/mg-bechterdissen.de\/index.php?rest_route=\/wp\/v2\/pages\/106\/revisions"}],"predecessor-version":[{"id":3338,"href":"https:\/\/mg-bechterdissen.de\/index.php?rest_route=\/wp\/v2\/pages\/106\/revisions\/3338"}],"wp:attachment":[{"href":"https:\/\/mg-bechterdissen.de\/index.php?rest_route=%2Fwp%2Fv2%2Fmedia&parent=106"}],"curies":[{"name":"wp","href":"https:\/\/api.w.org\/{rel}","templated":true}]}}