{"id":627,"date":"2019-01-05T13:11:01","date_gmt":"2019-01-05T12:11:01","guid":{"rendered":"http:\/\/test.mg-bechterdissen.de\/?page_id=627"},"modified":"2025-05-14T10:25:41","modified_gmt":"2025-05-14T08:25:41","slug":"spenden","status":"publish","type":"page","link":"https:\/\/mg-bechterdissen.de\/?page_id=627","title":{"rendered":"Spenden"},"content":{"rendered":"\n<h2 class=\"wp-block-heading\"><strong>Finanzielle Unterst\u00fctzung und Spenden<\/strong><\/h2>\n\n\n\n<p>Den Zehnten zu geben bedeutet im eigentlichen Sinne: Gott einen Teil zur\u00fcck zu geben. Er ist der Geber aller guter Gaben. Wer den Zehnten gibt, zeigt somit Gott seine Dankbarkeit.<\/p>\n\n\n\n<p>Wir finanzieren uns ausschlie\u00dflich \u00fcber freiwillige Spenden und erhalten keine Kirchensteuern oder \u00e4hnliches.<br>Mit den Spendeneing\u00e4ngen finanzieren wir unsere Angestellten, unsere R\u00e4ume und unsere Projekte entsprechend den Zielen und Aufgaben unserer Gemeinde. Wir wollen Menschen helfen, die Hilfe brauchen und somit Gottes Liebe weitergeben! Die Verantwortung f\u00fcr den Einsatz der verf\u00fcgbaren Mittel liegt bei dem Vorstand, der eng mit dem Kassenverwalter zusammenarbeitet.<\/p>\n\n\n\n<p><strong>Danke f\u00fcr alles, was Du uns gibst!<\/strong><\/p>\n\n\n\n<hr class=\"wp-block-separator has-css-opacity\"\/>\n\n\n\n<div class=\"wp-block-columns has-2-columns is-layout-flex wp-container-core-columns-is-layout-9d6595d7 wp-block-columns-is-layout-flex\">\n<div class=\"wp-block-column is-layout-flow wp-block-column-is-layout-flow\">\n<h2 class=\"wp-block-heading has-text-align-center\"><strong>Missionskonto<\/strong><\/h2>\n\n\n\n<figure class=\"wp-block-gallery has-nested-images columns-default is-cropped wp-block-gallery-1 is-layout-flex wp-block-gallery-is-layout-flex\">\n<figure class=\"wp-block-image size-large\"><img loading=\"lazy\" decoding=\"async\" width=\"914\" height=\"896\" data-id=\"1041\" src=\"https:\/\/mg-bechterdissen.de\/wp-content\/uploads\/2019\/03\/Bildschirmfoto-2019-03-31-um-21.59.51.png\" alt=\"\" class=\"wp-image-1041\" srcset=\"https:\/\/mg-bechterdissen.de\/wp-content\/uploads\/2019\/03\/Bildschirmfoto-2019-03-31-um-21.59.51.png 914w, https:\/\/mg-bechterdissen.de\/wp-content\/uploads\/2019\/03\/Bildschirmfoto-2019-03-31-um-21.59.51-300x294.png 300w, https:\/\/mg-bechterdissen.de\/wp-content\/uploads\/2019\/03\/Bildschirmfoto-2019-03-31-um-21.59.51-768x753.png 768w\" sizes=\"auto, (max-width: 914px) 100vw, 914px\" \/><\/figure>\n<\/figure>\n\n\n\n<p class=\"has-text-align-center\">IBAN: DE60 4825 0110 0005 0756 84<\/p>\n\n\n\n<p class=\"has-text-align-center\">BIC: WELADED1LEM<br><\/p>\n<\/div>\n\n\n\n<div class=\"wp-block-column is-layout-flow wp-block-column-is-layout-flow\">\n<h2 class=\"wp-block-heading has-text-align-center\"><strong>Gemeindekonto<\/strong><\/h2>\n\n\n\n<figure class=\"wp-block-image size-full\"><img loading=\"lazy\" decoding=\"async\" width=\"910\" height=\"916\" src=\"https:\/\/mg-bechterdissen.de\/wp-content\/uploads\/2019\/03\/Bildschirmfoto-2019-03-31-um-21.59.58.png\" alt=\"\" class=\"wp-image-1042\" srcset=\"https:\/\/mg-bechterdissen.de\/wp-content\/uploads\/2019\/03\/Bildschirmfoto-2019-03-31-um-21.59.58.png 910w, https:\/\/mg-bechterdissen.de\/wp-content\/uploads\/2019\/03\/Bildschirmfoto-2019-03-31-um-21.59.58-150x150.png 150w, https:\/\/mg-bechterdissen.de\/wp-content\/uploads\/2019\/03\/Bildschirmfoto-2019-03-31-um-21.59.58-298x300.png 298w, https:\/\/mg-bechterdissen.de\/wp-content\/uploads\/2019\/03\/Bildschirmfoto-2019-03-31-um-21.59.58-768x773.png 768w\" sizes=\"auto, (max-width: 910px) 100vw, 910px\" \/><\/figure>\n\n\n\n<p class=\"has-text-align-center\">IBAN: DE15 4825 0110 0005 0281 88<\/p>\n\n\n\n<p class=\"has-text-align-center\">BIC: WELADED1LEM<br><\/p>\n<\/div>\n<\/div>\n","protected":false},"excerpt":{"rendered":"<p>Finanzielle Unterst\u00fctzung und Spenden Den Zehnten zu geben bedeutet im eigentlichen Sinne: Gott einen Teil zur\u00fcck zu geben. Er ist der Geber aller guter Gaben. Wer den Zehnten gibt, zeigt&hellip; <\/p>\n","protected":false},"author":1,"featured_media":0,"parent":0,"menu_order":0,"comment_status":"closed","ping_status":"closed","template":"","meta":{"footnotes":""},"class_list":["post-627","page","type-page","status-publish","hentry"],"_links":{"self":[{"href":"https:\/\/mg-bechterdissen.de\/index.php?rest_route=\/wp\/v2\/pages\/627","targetHints":{"allow":["GET"]}}],"collection":[{"href":"https:\/\/mg-bechterdissen.de\/index.php?rest_route=\/wp\/v2\/pages"}],"about":[{"href":"https:\/\/mg-bechterdissen.de\/index.php?rest_route=\/wp\/v2\/types\/page"}],"author":[{"embeddable":true,"href":"https:\/\/mg-bechterdissen.de\/index.php?rest_route=\/wp\/v2\/users\/1"}],"replies":[{"embeddable":true,"href":"https:\/\/mg-bechterdissen.de\/index.php?rest_route=%2Fwp%2Fv2%2Fcomments&post=627"}],"version-history":[{"count":18,"href":"https:\/\/mg-bechterdissen.de\/index.php?rest_route=\/wp\/v2\/pages\/627\/revisions"}],"predecessor-version":[{"id":3163,"href":"https:\/\/mg-bechterdissen.de\/index.php?rest_route=\/wp\/v2\/pages\/627\/revisions\/3163"}],"wp:attachment":[{"href":"https:\/\/mg-bechterdissen.de\/index.php?rest_route=%2Fwp%2Fv2%2Fmedia&parent=627"}],"curies":[{"name":"wp","href":"https:\/\/api.w.org\/{rel}","templated":true}]}}